{"id":82,"date":"2012-02-04T17:04:44","date_gmt":"2012-02-04T16:04:44","guid":{"rendered":"http:\/\/buchau.be\/usa2012\/?page_id=82"},"modified":"2012-07-07T23:55:44","modified_gmt":"2012-07-07T21:55:44","slug":"bacsktage","status":"publish","type":"page","link":"http:\/\/buchau.be\/usa2012\/?page_id=82","title":{"rendered":"Backstage"},"content":{"rendered":"<p>Ici, comme d&rsquo;hab, les d\u00e9tails pratico-pratiques de l\u2019organisation de ce voyage:<\/p>\n<p>Les tickets d&rsquo;avion, toujours achet\u00e9s chez <a href=\"http:\/\/www.airfrance.be\" target=\"_blank\">Air France<\/a> (on devrait pouvoir partir \u00ab\u00a0pour rien\u00a0\u00bb l&rsquo;ann\u00e9e prochaine avec les miles accumul\u00e9s): 1023\u20ac\/pers pour ZYR-CDG-IAD YVR-YYZ-CDG-ZYR, et on va voler en Airbus A380 pour le trajet Paris-Washington ;) Le trajet MDW-LAS sera r\u00e9alis\u00e9 avec <a href=\"http:\/\/www.southwest.com\/\" target=\"_blank\">Southwest Airlines<\/a>, pour $155 (115\u20ac)\/pers. LAS-YVR (via LAX) se fera avec <a href=\"http:\/\/fr.delta.com\" target=\"_blank\">Delta Airline<\/a>, partenaire d&rsquo;AF, pour le prix de $267 (205\u20ac)\/pers. Les vols BOS-FLL, $201 (157\u20ac)\/pers, et FLL-MDW, $176 (138\u20ac)\/pers, se feront aussi avec <a href=\"http:\/\/www.southwest.com\/\" target=\"_blank\">Southwest Airlines<\/a>. Attention, pour les trajets int\u00e9rieurs aux USA, bien v\u00e9rifier la politique de tarification en mati\u00e8re de bagages; certaines compagnies font payer des suppl\u00e9ments alors que d&rsquo;autres les incluent dans le prix du ticket (cela va jusqu&rsquo;\u00e0 $50\/bagage enregistr\u00e9).<\/p>\n<p>[EDIT de 06\/2012] J&rsquo;aurais du attendre pour r\u00e9server les vols int\u00e9rieurs. Actuellement, j&rsquo;aurais trouv\u00e9 des vols moiti\u00e9 moins chers et plus rapides (sans escales). Pour les vols int\u00e9rieurs US, il ne semble donc pas urgent de se pr\u00e9cipiter comme je l&rsquo;ai fait. De plus, Delta a chang\u00e9 l&rsquo;horaire de l&rsquo;un de nos vols pour le trajet LAS-LAX-YVR; cela ne nous arrange pas vraiment et c&rsquo;est <em>la croix et la banni\u00e8re<\/em> pour le faire changer :(<\/p>\n<p>Avant le d\u00e9part, il faut demander les autorisations d&rsquo;entr\u00e9e sur le territoire des USA, les fameuses <a href=\"https:\/\/esta.cbp.dhs.gov\/esta\/application.html?execution=e1s1\" target=\"_blank\">ESTA<\/a> (celles que nous avions obtenues en mars 2011 \u00e9taient encore valables mais nous avons chang\u00e9 de passeport; nous avons donc du en demander de nouvelles): $14\/pers (10\u20ac).<\/p>\n<p>Les h\u00f4tels seront probablement les suivants:<br \/>\n&#8211; <a href=\"http:\/\/hiltongardeninn.hilton.com\/en\/gi\/hotels\/index.jhtml?ctyhocn=DCACHGI\" target=\"_blank\">Hilton Garden Inn <strong>Washington<\/strong><\/a>, King size bed Evolution room avec pt d\u00e9j. et Internet, $217 (175\u20ac)*<br \/>\n&#8211;\u00a0<a href=\"https:\/\/secure.hilton.com\/en\/hp\/hotels\/index.jhtml?ctyhocn=NYCMTHX\">Hampton Inn Manhattan-Times Square North, <strong>NYC<\/strong><\/a>, King bed avec pt d\u00e9j. et Internet, $239 (180\u20ac) *<br \/>\n&#8211; <a href=\"http:\/\/hamptoninn.hilton.com\/en\/hp\/hotels\/index.jhtml?ctyhocn=HYNCCHX\" target=\"_blank\">Hampton Inn &amp; Suites <strong>Cape Cod-West Yarmouth<\/strong><\/a>, King bed avec pt d\u00e9j. et Internet, $265 (200\u20ac)*<br \/>\n&#8211; <a href=\"http:\/\/doubletree1.hilton.com\/en_US\/dt\/hotel\/BOSCODT-DoubleTree-by-Hilton-Hotel-Boston-Downtown-Massachusetts\/index.do\" target=\"_blank\">Doubletree Hotel Downtown<strong> Boston<\/strong><\/a>, Lit double, $189 (147\u20ac)* via <a href=\"http:\/\/www.myprivatetravel.com\/welcome.html?afid=161899\" target=\"_blank\">myprivatetravel.com<\/a><br \/>\n&#8211; <a href=\"http:\/\/res2.hilton.com\/webservices\/echoengine\/T.aspx?l=H_479392675_549947_112408_1148978435&amp;u=aHR0cCUzYSUyZiUyZnd3dy5oYW1wdG9uaW5uLmNvbSUyZmVuJTJmaHAlMmZob3RlbHMlMmZpbmRleC5qaHRtbCUzZldULm1jX2lkJTNkRVBFTUhYUmVzY29uZkVOJTI2Y3R5aG9jbiUzZEJPU0xBSFg=&amp;t=228\" target=\"_blank\"><span>Hampton Inn <strong>Boston-Logan Airport<\/strong><\/span><\/a>, King Study Sofabed avec pt d\u00e9j. et Internet, 30000 points HHonors (0\u20ac)<br \/>\n&#8211; <a href=\"http:\/\/www.ichotelsgroup.com\/crowneplaza\/hotels\/us\/en\/miami-beach\/miasb\/hoteldetail\" target=\"_blank\">Crowne Plaza Hotel South Beach <strong>Miami<\/strong><\/a>, King Leisure, $264 (210\u20ac)* via <a href=\"http:\/\/www.myprivatetravel.com\/welcome.html?afid=161899\" target=\"_blank\">myprivatetravel.com<\/a><br \/>\n&#8211; <a href=\"http:\/\/doubletree1.hilton.com\/en_US\/dt\/hotel\/CHIMMDT-DoubleTree-by-Hilton-Hotel-Chicago-Magnificent-Mile-Illinois\/index.do?WT.mc_id=EPEMDTResconfEN\" target=\"_blank\">Doubletree by Hilton hotel <strong>Chicago<\/strong> &#8211; Magnificent Mile<\/a>, King Lake View avec petit d\u00e9j., $267 (210\u20ac)*<br \/>\n&#8211; <a href=\"http:\/\/www.ichotelsgroup.com\/intercontinental\/en\/gb\/locations\/overview\/lasvegas-thevenetian\" target=\"_blank\">The Venetian <strong>Las Vegas<\/strong><\/a>, King Luxury suite avec Internet, $242 (180\u20ac)*<br \/>\n&#8211; <a href=\"http:\/\/hamptoninn.hilton.com\/en\/hp\/hotels\/index.jhtml?ctyhocn=YVRHSHX\" target=\"_blank\">Hampton Inn &amp; Suites <strong>Vancouver<\/strong> Downtown<\/a>, King suite pour 3 personnes (1 chambre + divan-lit) avec Internet et kitchenette, CAD275 (220\u20ac)*<\/p>\n<p>* Ici, contrairement aux sites de r\u00e9servations, j&rsquo;ai indiqu\u00e9 les prix toutes taxes et frais inclus.<\/p>\n<p>Pour la premi\u00e8re \u00e9tape int\u00e9rieure, nous avons r\u00e9serv\u00e9 un trajet Washington &#8211; New York en train, via <a href=\"http:\/\/www.amtrak.com\" target=\"_blank\">Amtrak<\/a>: $49\/pers (38\u20ac)<\/p>\n<p>A Washington, nos repas ont tourn\u00e9 autour de $50\/$60 pour 2; la petite bouteille d&rsquo;eau se vend \u00e0 $2\/$3; le hot-dog est \u00e0 $2,50; le trajet en bus de l&rsquo;a\u00e9roport vers la station de m\u00e9tro coute $10; 48h d&rsquo;hop-on\/hop-off \u00e0 $55.<\/p>\n","protected":false},"excerpt":{"rendered":"<p>Ici, comme d&rsquo;hab, les d\u00e9tails pratico-pratiques de l\u2019organisation de ce voyage: Les tickets d&rsquo;avion, toujours achet\u00e9s chez Air France (on devrait pouvoir partir \u00ab\u00a0pour rien\u00a0\u00bb l&rsquo;ann\u00e9e prochaine avec les miles accumul\u00e9s): 1023\u20ac\/pers pour ZYR-CDG-IAD YVR-YYZ-CDG-ZYR, et on va voler en Airbus A380 pour le trajet Paris-Washington ;) Le trajet MDW-LAS sera r\u00e9alis\u00e9 avec Southwest Airlines,&#8230;<\/p>\n","protected":false},"author":1,"featured_media":0,"parent":0,"menu_order":0,"comment_status":"closed","ping_status":"open","template":"","meta":{"footnotes":"","_links_to":"","_links_to_target":""},"class_list":["post-82","page","type-page","status-publish","hentry"],"_links":{"self":[{"href":"http:\/\/buchau.be\/usa2012\/index.php?rest_route=\/wp\/v2\/pages\/82","targetHints":{"allow":["GET"]}}],"collection":[{"href":"http:\/\/buchau.be\/usa2012\/index.php?rest_route=\/wp\/v2\/pages"}],"about":[{"href":"http:\/\/buchau.be\/usa2012\/index.php?rest_route=\/wp\/v2\/types\/page"}],"author":[{"embeddable":true,"href":"http:\/\/buchau.be\/usa2012\/index.php?rest_route=\/wp\/v2\/users\/1"}],"replies":[{"embeddable":true,"href":"http:\/\/buchau.be\/usa2012\/index.php?rest_route=%2Fwp%2Fv2%2Fcomments&post=82"}],"version-history":[{"count":15,"href":"http:\/\/buchau.be\/usa2012\/index.php?rest_route=\/wp\/v2\/pages\/82\/revisions"}],"predecessor-version":[{"id":87,"href":"http:\/\/buchau.be\/usa2012\/index.php?rest_route=\/wp\/v2\/pages\/82\/revisions\/87"}],"wp:attachment":[{"href":"http:\/\/buchau.be\/usa2012\/index.php?rest_route=%2Fwp%2Fv2%2Fmedia&parent=82"}],"curies":[{"name":"wp","href":"https:\/\/api.w.org\/{rel}","templated":true}]}}