{"id":8,"date":"2014-06-05T11:05:48","date_gmt":"2014-06-05T09:05:48","guid":{"rendered":"http:\/\/buchau.be\/4dragons2015\/?page_id=8"},"modified":"2014-06-05T11:42:18","modified_gmt":"2014-06-05T09:42:18","slug":"a-propos","status":"publish","type":"page","link":"https:\/\/buchau.be\/4dragons2015\/a-propos\/","title":{"rendered":"\u00c0 propos&#8230;"},"content":{"rendered":"<p>Il s&rsquo;agit du blog de voyage de Marie et Beno\u00eet en Cor\u00e9e du sud, \u00e0 Singapour, Ta\u00efwan et Hong Kong, en \u00e9t\u00e9 2015. Ces 4 \u00ab\u00a0pays\u00a0\u00bb ont \u00e9t\u00e9 appel\u00e9s les <em>4 dragons asiatiques<\/em> car ils sont les pays \u00e9mergents les plus performants \u00e9conomiquement depuis les ann\u00e9es &rsquo;90.<\/p>\n<p>Ce blog fait partie d&rsquo;un ensemble de blogs de voyages: <a href=\"http:\/\/escapades.buchau.be\" target=\"_blank\">http:\/\/escapades.buchau.be<\/a><\/p>\n","protected":false},"excerpt":{"rendered":"<p>Il s&rsquo;agit du blog de voyage de Marie et Beno\u00eet en Cor\u00e9e du sud, \u00e0 Singapour, Ta\u00efwan et Hong Kong, en \u00e9t\u00e9 2015. Ces 4 \u00ab\u00a0pays\u00a0\u00bb ont \u00e9t\u00e9 appel\u00e9s les 4 dragons asiatiques car ils sont les pays \u00e9mergents les plus performants \u00e9conomiquement depuis les ann\u00e9es &rsquo;90. Ce blog fait partie d&rsquo;un ensemble de blogs &hellip; <a href=\"https:\/\/buchau.be\/4dragons2015\/a-propos\/\" class=\"more-link\">Continuer la lecture de <span class=\"screen-reader-text\">\u00c0 propos&#8230;<\/span>  <span class=\"meta-nav\">&rarr;<\/span><\/a><\/p>\n","protected":false},"author":1,"featured_media":0,"parent":0,"menu_order":0,"comment_status":"closed","ping_status":"closed","template":"","meta":{"footnotes":""},"class_list":["post-8","page","type-page","status-publish","hentry"],"_links":{"self":[{"href":"https:\/\/buchau.be\/4dragons2015\/wp-json\/wp\/v2\/pages\/8","targetHints":{"allow":["GET"]}}],"collection":[{"href":"https:\/\/buchau.be\/4dragons2015\/wp-json\/wp\/v2\/pages"}],"about":[{"href":"https:\/\/buchau.be\/4dragons2015\/wp-json\/wp\/v2\/types\/page"}],"author":[{"embeddable":true,"href":"https:\/\/buchau.be\/4dragons2015\/wp-json\/wp\/v2\/users\/1"}],"replies":[{"embeddable":true,"href":"https:\/\/buchau.be\/4dragons2015\/wp-json\/wp\/v2\/comments?post=8"}],"version-history":[{"count":1,"href":"https:\/\/buchau.be\/4dragons2015\/wp-json\/wp\/v2\/pages\/8\/revisions"}],"predecessor-version":[{"id":10,"href":"https:\/\/buchau.be\/4dragons2015\/wp-json\/wp\/v2\/pages\/8\/revisions\/10"}],"wp:attachment":[{"href":"https:\/\/buchau.be\/4dragons2015\/wp-json\/wp\/v2\/media?parent=8"}],"curies":[{"name":"wp","href":"https:\/\/api.w.org\/{rel}","templated":true}]}}