{"id":34,"date":"2022-03-25T09:42:32","date_gmt":"2022-03-25T08:42:32","guid":{"rendered":"https:\/\/buchau.be\/USAWC-EC2020\/?page_id=34"},"modified":"2022-03-25T10:56:41","modified_gmt":"2022-03-25T09:56:41","slug":"backstage-2","status":"publish","type":"page","link":"https:\/\/buchau.be\/USAWC-EC2020\/backstage-2\/","title":{"rendered":"Backstage 2"},"content":{"rendered":"<p><strong>Vols intercontinentaux<\/strong>:<br \/>\nZYR &gt; CDG &gt; LAX &#8211; NYC &gt; CDG &gt; ZYR <a href=\"http:\/\/www.airfrance.be\"><em>Air France<\/em><\/a>, 1100\u20ac\/pers (en Economy Premium)<\/p>\n<p><strong>Vols int\u00e9rieurs<\/strong>:<br \/>\n&#8211; <strong>LAX &gt; NYC<\/strong>: <a href=\"https:\/\/www.jetblue.com\/\"><em>JetBlue<\/em><\/a>, $330(300\u20ac)\/pers (options si\u00e8ges &amp; bagages incluses)<\/p>\n<p><strong>Locations auto<\/strong>:<br \/>\n&#8211; <strong>LAX &gt; LAX<\/strong>, <em><a href=\"http:\/\/www.avis.be\">Avis<\/a><\/em>, Full size, 416\u20ac pour 10 jours, soit 42\u20ac\/jour (en principe, conducteur additionnel et surclassement offerts (r\u00e9serv\u00e9 pr\u00e8s d&rsquo;un an avant la location; entre-temps, les prix ont plus que doubl\u00e9!)<\/p>\n<p><strong>H\u00f4tels<\/strong>: (au moment des r\u00e9servations, 1EUR=~1.10USD<br \/>\n&#8211; <strong>Calabasas, CA<\/strong>: <a href=\"https:\/\/www.hilton.com\/en\/hotels\/burcagi-hilton-garden-inn-calabasas\/\" target=\"_blank\" rel=\"noopener\"><em>Hilton Garden Inn Calabasas<\/em><\/a>, King bed deluxe, 50000pts Hilton Honors**<br \/>\n&#8211; <strong>Santa Monica, CA<\/strong>: <a href=\"https:\/\/www.hoteloceanasantamonica.com\" target=\"_blank\" rel=\"noopener\"><em>LXR Oceana Santa Monica<\/em><\/a>, King Bed Suite, nuits offertes par <em>Hilton<\/em> suite \u00e0 des annulations pendant la p\u00e9riode CoViD \ud83d\ude42 **<br \/>\n&#8211; <strong>Palm Springs, CA<\/strong>: <a href=\"https:\/\/www.hilton.com\/en\/hotels\/pspdpdt-doubletree-golf-resort-palm-springs\" target=\"_blank\" rel=\"noopener\"><em>Doubletree Hotel Golf Resort Palm Springs<\/em><\/a>,\u00a0 King balcony or patio, 50000 pts Hilton Honors**<br \/>\n&#8211; <strong>Oceanside, CA<\/strong>: <a href=\"https:\/\/www.ihg.com\/holidayinn\/hotels\/us\/en\/oceanside\/ocnpc\/hoteldetail?cm_mmc=GoogleMaps-_-HI-_-US-_-OCNPC\"><em>Holiday Inn Oceanside<\/em><\/a>, King Executive, 21000pts IHG\/nuit<br \/>\n&#8211; <strong>Marina del Rey, CA<\/strong>: <a href=\"https:\/\/www.hilton.com\/en\/hotels\/laxmiup-jamaica-bay-inn-marina-del-rey\" target=\"_blank\" rel=\"noopener\"><em>Tapestry Jamaica Bay Inn Marina del Rey<\/em><\/a>, King, 40000pts Hilton Honors\/nuit**<br \/>\n&#8211; <strong>New York City, NY<\/strong>: <a href=\"https:\/\/www.hilton.com\/en\/hotels\/nyccici-conrad-new-york-downtown\" target=\"_blank\" rel=\"noopener\"><em>Conrad NYC Downtown<\/em><\/a>, King deluxe Suite, 64000pts Hilton Honors\/nuit**<\/p>\n<p>** en principe, avec surclassement, budget petit d\u00e9jeuner ($10 \u00e0 $25\/pers\/jour) et internet inclus.<\/p>\n","protected":false},"excerpt":{"rendered":"<p>Vols intercontinentaux: ZYR &gt; CDG &gt; LAX &#8211; NYC &gt; CDG &gt; ZYR Air France, 1100\u20ac\/pers (en Economy Premium) Vols int\u00e9rieurs: &#8211; LAX &gt; NYC: JetBlue, $330(300\u20ac)\/pers (options si\u00e8ges &amp; bagages incluses) Locations auto: &#8211; LAX &gt; LAX, Avis, Full size, 416\u20ac pour 10 jours, soit 42\u20ac\/jour (en principe, conducteur additionnel et surclassement offerts (r\u00e9serv\u00e9 [&hellip;]<\/p>\n","protected":false},"author":1,"featured_media":0,"parent":0,"menu_order":0,"comment_status":"closed","ping_status":"closed","template":"","meta":{"footnotes":""},"class_list":["post-34","page","type-page","status-publish","hentry"],"_links":{"self":[{"href":"https:\/\/buchau.be\/USAWC-EC2020\/wp-json\/wp\/v2\/pages\/34","targetHints":{"allow":["GET"]}}],"collection":[{"href":"https:\/\/buchau.be\/USAWC-EC2020\/wp-json\/wp\/v2\/pages"}],"about":[{"href":"https:\/\/buchau.be\/USAWC-EC2020\/wp-json\/wp\/v2\/types\/page"}],"author":[{"embeddable":true,"href":"https:\/\/buchau.be\/USAWC-EC2020\/wp-json\/wp\/v2\/users\/1"}],"replies":[{"embeddable":true,"href":"https:\/\/buchau.be\/USAWC-EC2020\/wp-json\/wp\/v2\/comments?post=34"}],"version-history":[{"count":5,"href":"https:\/\/buchau.be\/USAWC-EC2020\/wp-json\/wp\/v2\/pages\/34\/revisions"}],"predecessor-version":[{"id":39,"href":"https:\/\/buchau.be\/USAWC-EC2020\/wp-json\/wp\/v2\/pages\/34\/revisions\/39"}],"wp:attachment":[{"href":"https:\/\/buchau.be\/USAWC-EC2020\/wp-json\/wp\/v2\/media?parent=34"}],"curies":[{"name":"wp","href":"https:\/\/api.w.org\/{rel}","templated":true}]}}