{"id":8,"date":"2024-10-06T12:15:45","date_gmt":"2024-10-06T10:15:45","guid":{"rendered":"http:\/\/buchau.be\/Vietnam2025\/?page_id=8"},"modified":"2025-10-26T02:52:29","modified_gmt":"2025-10-26T00:52:29","slug":"backstage","status":"publish","type":"page","link":"https:\/\/buchau.be\/Vietnam2025\/backstage\/","title":{"rendered":"Backstage"},"content":{"rendered":"<p>Ici, comme d&rsquo;habitude, les infos pratico-pratiques concernant le voyage, les vols, les r\u00e9servations, le budget.<\/p>\n<p><strong>Vols:<\/strong><\/p>\n<p><em>Internationaux:<br \/>\n<\/em>Vol ZYR&gt;CDG&gt;SGN\/SGN&gt;CDG&gt;ZYR avec <a href=\"https:\/\/wwws.airfrance.be\/fr\" target=\"_blank\" rel=\"noopener\"><strong><em>AirFrance<\/em><\/strong><\/a>, A\/R en Economy (duo seats): 1153\u20ac\/pers<\/p>\n<p><em>Int\u00e9rieurs:<\/em><br \/>\nSGN (Ho Chi Minh) &gt; HAN (Hanoi) : <a href=\"https:\/\/www.vietnamairlines.com\/fr\/fr\/home\" target=\"_blank\" rel=\"noopener\"><em><strong>Vietnam Airlines<\/strong><\/em><\/a>, Economy, env.84\u20ac\/pers<br \/>\nDAD (Da Nang) &gt; SGN (Ho Chi Minh): <a href=\"https:\/\/www.vietnamairlines.com\/fr\/fr\/home\" target=\"_blank\" rel=\"noopener\"><em><strong>Vietnam Airlines<\/strong><\/em><\/a>, Economy, env.82\u20ac\/pers<\/p>\n<p><strong>Train:<\/strong><\/p>\n<p>Train de nuit entre <em>Hu\u00e9<\/em> et <em>Hanoi<\/em>, couchettes\/lits, cabine premium avec <a href=\"https:\/\/lotustrain.com\/\" target=\"_blank\" rel=\"noopener\"><em><strong>Lotus Train Express<\/strong><\/em><\/a>, 112\u20ac\/pers<\/p>\n<p><strong>Voiture de location:<\/strong><\/p>\n<p>Pas de voiture de location; difficile de rouler ici.<\/p>\n<p><strong>Hotels:<\/strong><\/p>\n<p>&#8211; <a href=\"https:\/\/www.ihg.com\/hotelindigo\/hotels\/us\/en\/ho-chi-minh-city\/sgnsc\/hoteldetail\" target=\"_blank\" rel=\"noopener\"><strong><em>Hotel Indigo Saigon The City<\/em><\/strong><\/a>, <em>Ho Chi Minh<\/em>, 25000pts\/nuit (env.125\u20ac), chambre King (petit-d\u00e9jeuner +$18\/pers\/nuit)<br \/>\n&#8211; <a href=\"https:\/\/hanoi.intercontinental.com\/\" target=\"_blank\" rel=\"noopener\"><em><strong>Intercontinental Westlake Hanoi<\/strong><\/em><\/a>, <em>Hanoi<\/em>, 27000pts\/nuit (env.135\u20ac), suite junior lakeview avec acc\u00e8s \u00e0 l&rsquo;Intercontinental Club Lounge<br \/>\n&#8211; <a href=\"https:\/\/morinhotel.com.vn\/\" target=\"_blank\" rel=\"noopener\"><em><strong>Saigon Morin Hotel<\/strong><\/em><\/a>, <em>Hu\u00e9<\/em>, via <em><strong><a href=\"http:\/\/booking.com\" target=\"_blank\" rel=\"noopener\">Booking.com<\/a><\/strong><\/em>, 3000000VND\/nuit (99\u20ac\/nuit)<br \/>\n&#8211; <em><strong><a href=\"https:\/\/www.ihg.com\/vignettecollection\/hotels\/gb\/en\/hoi-an\/dadho\/hoteldetail\" target=\"_blank\" rel=\"noopener\">Vignette collection Moire Hoi An<\/a>,<\/strong><\/em> <em>Hoi An<\/em>, 134USD (env.115\u20ac)<br \/>\n&#8211; <a href=\"https:\/\/www.ihg.com\/crowneplaza\/hotels\/us\/en\/danang\/dadch\/hoteldetail\" target=\"_blank\" rel=\"noopener\"><strong><em>Crowne Plaza Danang<\/em><\/strong><\/a>, Da Nang, 25500pts\/nuit (env.127\u20ac)<br \/>\n&#8211; <a href=\"https:\/\/www.hisaigonairport.com\/\" target=\"_blank\" rel=\"noopener\"><em><strong>Holiday Inn &amp; Suites Saigon Airport<\/strong><\/em><\/a>, Ho Chi Minh, 15000pts\/nuit (env.75\u20ac)<\/p>\n<p>Divers: [1\u20ac=~30700VND]<\/p>\n<p>&#8211; <a href=\"https:\/\/evisa.xuatnhapcanh.gov.vn\/trang-chu-ttdt\" target=\"_blank\" rel=\"noopener\"><em><strong>e-Visas<\/strong><\/em><\/a>: 24\u20ac\/pers (au moment du d\u00e9part, le visa n&rsquo;est plus requis pour les belges)<br \/>\n&#8211; <a href=\"https:\/\/www.trip.com\/things-to-do\/detail\/59853064\/\" target=\"_blank\" rel=\"noopener\"><em><strong>Airport Fast Track<\/strong> <\/em><\/a>\u00e0 <em>HCM<\/em> : 12\u20ac\/pers<br \/>\n&#8211; eSim <a href=\"https:\/\/mobimatter.com\/fr\/esim-vietnam\" target=\"_blank\" rel=\"noopener\"><em><strong>MobiMatter<\/strong><\/em><\/a> : 20Go pour 12\u20ac<br \/>\n&#8211; Pr\u00e9-r\u00e9servation \u00ab\u00a0taxi\u00a0\u00bb de l&rsquo;a\u00e9roport vers h\u00f4tel \u00e0 <em>HCM<\/em>, via <a href=\"http:\/\/booking.com\" target=\"_blank\" rel=\"noopener\"><strong><em>Booking.com<\/em><\/strong><\/a> : 10\u20ac<br \/>\n&#8211; Tours (<em>HCM, Hanoi, Hu\u00e9, Danang<\/em>) et d\u00e9placements (<em>Hu\u00e9, Danang &amp; Hoi An<\/em>) via <a href=\"https:\/\/www.asiakingtravel.com\/\" target=\"_blank\" rel=\"noopener\"><em><strong>Asia King Travel<\/strong><\/em><\/a>, 587USD\/pers (env.510\u20ac\/pers)<\/p>\n<p>&#8211; Un repas au resto ou au march\u00e9 : entre 2 et 25\u20ac<\/p>\n<p>&#8211; Un <em>Grab<\/em>: entre 2 et 5\u20ac (sans le pourboire)<\/p>\n<p>&#8211; Une bi\u00e8re: entre 20000 et 150000VND (0,60 \u00e0 5\u20ac), selon l&rsquo;endroit<\/p>\n<p>&#8211; Une glace vanille Haagen Dazs, au 7-eleven : 96000VND (3\u20ac)<\/p>\n<p>&nbsp;<\/p>\n","protected":false},"excerpt":{"rendered":"<p>Ici, comme d&rsquo;habitude, les infos pratico-pratiques concernant le voyage, les vols, les r\u00e9servations, le budget. Vols: Internationaux: Vol ZYR&gt;CDG&gt;SGN\/SGN&gt;CDG&gt;ZYR avec AirFrance, A\/R en Economy (duo seats): 1153\u20ac\/pers Int\u00e9rieurs: SGN (Ho Chi Minh) &gt; HAN (Hanoi) : Vietnam Airlines, Economy, env.84\u20ac\/pers DAD (Da Nang) &gt; SGN (Ho Chi Minh): Vietnam Airlines, Economy, env.82\u20ac\/pers Train: Train de&#46;&#46;&#46;<\/p>\n","protected":false},"author":1,"featured_media":0,"parent":0,"menu_order":0,"comment_status":"closed","ping_status":"closed","template":"","meta":{"footnotes":""},"class_list":["post-8","page","type-page","status-publish","hentry"],"_links":{"self":[{"href":"https:\/\/buchau.be\/Vietnam2025\/wp-json\/wp\/v2\/pages\/8","targetHints":{"allow":["GET"]}}],"collection":[{"href":"https:\/\/buchau.be\/Vietnam2025\/wp-json\/wp\/v2\/pages"}],"about":[{"href":"https:\/\/buchau.be\/Vietnam2025\/wp-json\/wp\/v2\/types\/page"}],"author":[{"embeddable":true,"href":"https:\/\/buchau.be\/Vietnam2025\/wp-json\/wp\/v2\/users\/1"}],"replies":[{"embeddable":true,"href":"https:\/\/buchau.be\/Vietnam2025\/wp-json\/wp\/v2\/comments?post=8"}],"version-history":[{"count":9,"href":"https:\/\/buchau.be\/Vietnam2025\/wp-json\/wp\/v2\/pages\/8\/revisions"}],"predecessor-version":[{"id":27,"href":"https:\/\/buchau.be\/Vietnam2025\/wp-json\/wp\/v2\/pages\/8\/revisions\/27"}],"wp:attachment":[{"href":"https:\/\/buchau.be\/Vietnam2025\/wp-json\/wp\/v2\/media?parent=8"}],"curies":[{"name":"wp","href":"https:\/\/api.w.org\/{rel}","templated":true}]}}