{"id":38,"date":"2020-07-07T18:32:52","date_gmt":"2020-07-07T16:32:52","guid":{"rendered":"https:\/\/buchau.be\/ete2020\/?page_id=38"},"modified":"2020-07-17T22:53:25","modified_gmt":"2020-07-17T20:53:25","slug":"backstage","status":"publish","type":"page","link":"https:\/\/buchau.be\/ete2020\/backstage\/","title":{"rendered":"Backstage"},"content":{"rendered":"\r\n<p>Ici, comme d&rsquo;habitude, les aspects pratico-pratiques de la pr\u00e9paration du voyage:<\/p>\r\n\r\n\r\n\r\n<p>Pas de vols intercontinentaux ou int\u00e9rieurs<\/p>\r\n\r\n\r\n\r\n<p>On utilise notre vaillante <em>Choupette <\/em>pour se d\u00e9placer.<\/p>\r\n\r\n\r\n\r\n<div class=\"wp-block-image\">\r\n<figure class=\"aligncenter size-large is-resized\"><img loading=\"lazy\" decoding=\"async\" class=\"wp-image-39\" src=\"https:\/\/buchau.be\/ete2020\/wp-content\/uploads\/2020\/07\/external-content.duckduckgo.com_.png\" alt=\"\" width=\"304\" height=\"193\" srcset=\"https:\/\/buchau.be\/ete2020\/wp-content\/uploads\/2020\/07\/external-content.duckduckgo.com_.png 800w, https:\/\/buchau.be\/ete2020\/wp-content\/uploads\/2020\/07\/external-content.duckduckgo.com_-300x191.png 300w, https:\/\/buchau.be\/ete2020\/wp-content\/uploads\/2020\/07\/external-content.duckduckgo.com_-768x490.png 768w\" sizes=\"auto, (max-width: 304px) 100vw, 304px\" \/>\r\n<figcaption>C&rsquo;est \u00e0 peu pr\u00e8s \u00e7a&#8230; On n&rsquo;a pas encore de photo d&rsquo;elle; \u00e0 faire donc \ud83d\ude42<strong> <br \/><\/strong><\/figcaption>\r\n<\/figure>\r\n<\/div>\r\n\r\n\r\n\r\n\r\n\r\n<p>H\u00f4tels:<br \/>&#8211; <em><a href=\"https:\/\/www.hilton.com\/en\/hotels\/rtmhitw-hilton-rotterdam\/\" target=\"_blank\" rel=\"noreferrer noopener\">Hilton <strong>Rotterdam<\/strong><\/a><\/em>: Chambre King, 115\u20ac\/nuit (upgrad\u00e9 en suite junior \ud83d\ude42 ) *<br \/>&#8211; <em><a href=\"https:\/\/www.hilton.com\/en\/hotels\/amsaddi-doubletree-amsterdam-ndsm-wharf\/\" target=\"_blank\" rel=\"noreferrer noopener\">Doubletree <strong>Amsterdam<\/strong> NDSM Wharf<\/a><\/em>: Chambre Queen superior with water view, 134\u20ac\/nuit *<br \/>&#8211; B&amp;B Hotel <a href=\"https:\/\/thebaroncrown.com\/\" target=\"_blank\" rel=\"noreferrer noopener\"><em>The Baron Crown<\/em><\/a>, <em><strong>Den Helder<\/strong><\/em>, Crown Suite, 155\u20ac\/nuit<br \/>&#8211; <em><a href=\"https:\/\/www.post-plaza.nl\/en\/index.html\" target=\"_blank\" rel=\"noreferrer noopener\">Post-Plaza Hotel<\/a><\/em>, <em><strong>Leeuwarden<\/strong><\/em>, Deluxe room, 169\u20ac\/nuit<br \/>&#8211; <em><a href=\"https:\/\/doubletree3.hilton.com\/en\/hotels\/netherlands\/doubletree-by-hilton-royal-parc-soestduinen-SPLSODI\/index.html\" target=\"_blank\" rel=\"noreferrer noopener\">Doubletree Royal Parc Soestduinen<\/a><\/em>, King Deluxe room, 97\u20ac\/nuit *<br \/>Pour la suite, on verra&#8230;<br \/><br \/>Tous les prix incluent les taxes et le petit d\u00e9jeuner.<br \/><br \/>* souvent avec un (tr\u00e8s beau) surclassement, gr\u00e2ce au programme de fid\u00e9lit\u00e9 Hilton Honors.<\/p>\r\n\r\n\r\n\r\n<p><strong>Guides<\/strong>:<br \/>&#8211; on a le <em><a href=\"https:\/\/www.lonelyplanet.fr\/destinations\/europe\/pays-bas\" target=\"_blank\" rel=\"noreferrer noopener\">Lonely Planet<\/a><\/em> et le <em><a href=\"https:\/\/voyages.michelin.fr\/europe\/pays-bas\" target=\"_blank\" rel=\"noreferrer noopener\">Guide Vert<\/a><\/em> des <em>Pays-Pas<\/em> et le <em><a href=\"https:\/\/www.lonelyplanet.fr\/destinations\/europe\/angleterre\" target=\"_blank\" rel=\"noreferrer noopener\">Lonely Planet<\/a><\/em> de l&rsquo;<em>Angleterre<\/em> et le <em><a href=\"https:\/\/www.routard.com\/guide\/code_dest\/angleterre.htm\" target=\"_blank\" rel=\"noreferrer noopener\">Guide du Routard<\/a><\/em> de la m\u00eame r\u00e9gion.<\/p>\r\n\r\n\r\n\r\n<p><strong>Devises<\/strong>:<br \/>&#8211; Les <em>Pays-Bas<\/em> utilisent l&rsquo;<em>Euro <\/em>et ont un niveau de prix sensiblement pareil au n\u00f4tre;<br \/>&#8211; Le <em>Royaume-Uni<\/em> utilise les <em>Livres Sterling<\/em> (GBP): 1\u20ac=0.88GBP \/ 1GBP=1.10\u20ac. Tout y coute un peu plus cher que chez nous&#8230;<\/p>\r\n\r\n\r\n\r\n<p><strong>Divers<\/strong>:<br \/>&#8211; Aux <em>Pays-Bas<\/em>, 1 litre de diesel coute environ 1.32\u20ac contre 1.22\u20ac en Belgique<br \/>&#8211; 2 v\u00e9los pliants <em><a href=\"https:\/\/www.wheelerz.nl\/fietsen\/product\/wheelerz-vouwfiets\/\">Wheelerz<\/a><\/em> \u00e0 299\u20ac\/pi\u00e8ce<br \/>&#8211; 1 A\/R vers Texel avec un v\u00e9lo : 5\u20ac\/pers , avec une auto 25\u20ac\/auto (37\u20ac les ve, sa, di &amp; lu)<\/p>\r\n","protected":false},"excerpt":{"rendered":"<p>Ici, comme d&rsquo;habitude, les aspects pratico-pratiques de la pr\u00e9paration du voyage: Pas de vols intercontinentaux ou int\u00e9rieurs On utilise notre vaillante Choupette pour se d\u00e9placer. H\u00f4tels:&#8211; Hilton Rotterdam: Chambre King, 115\u20ac\/nuit (upgrad\u00e9 en suite junior \ud83d\ude42 ) *&#8211; Doubletree Amsterdam NDSM Wharf: Chambre Queen superior with water view, 134\u20ac\/nuit *&#8211; B&amp;B Hotel The Baron Crown, [&hellip;]<\/p>\n","protected":false},"author":1,"featured_media":0,"parent":0,"menu_order":0,"comment_status":"closed","ping_status":"closed","template":"","meta":{"footnotes":""},"class_list":["post-38","page","type-page","status-publish","hentry"],"_links":{"self":[{"href":"https:\/\/buchau.be\/ete2020\/wp-json\/wp\/v2\/pages\/38","targetHints":{"allow":["GET"]}}],"collection":[{"href":"https:\/\/buchau.be\/ete2020\/wp-json\/wp\/v2\/pages"}],"about":[{"href":"https:\/\/buchau.be\/ete2020\/wp-json\/wp\/v2\/types\/page"}],"author":[{"embeddable":true,"href":"https:\/\/buchau.be\/ete2020\/wp-json\/wp\/v2\/users\/1"}],"replies":[{"embeddable":true,"href":"https:\/\/buchau.be\/ete2020\/wp-json\/wp\/v2\/comments?post=38"}],"version-history":[{"count":9,"href":"https:\/\/buchau.be\/ete2020\/wp-json\/wp\/v2\/pages\/38\/revisions"}],"predecessor-version":[{"id":307,"href":"https:\/\/buchau.be\/ete2020\/wp-json\/wp\/v2\/pages\/38\/revisions\/307"}],"wp:attachment":[{"href":"https:\/\/buchau.be\/ete2020\/wp-json\/wp\/v2\/media?parent=38"}],"curies":[{"name":"wp","href":"https:\/\/api.w.org\/{rel}","templated":true}]}}