{"id":8,"date":"2023-07-07T19:58:12","date_gmt":"2023-07-07T17:58:12","guid":{"rendered":"https:\/\/buchau.be\/ete2023\/?page_id=8"},"modified":"2023-07-16T07:48:19","modified_gmt":"2023-07-16T05:48:19","slug":"backstage","status":"publish","type":"page","link":"https:\/\/buchau.be\/ete2023\/backstage\/","title":{"rendered":"Backstage"},"content":{"rendered":"<p>Ici, comme d\u2019habitude, les d\u00e9tails pratico-pratiques concernant notre trajet de vacances.<\/p>\n<p>Pour les d\u00e9placements, on part en voiture, avec nos v\u00e9los \u00e9lectriques dans le coffre. La travers\u00e9e de la Manche se fait \u00e0 nouveau avec <em><strong><a target=\"_blank\" rel=\"noopener\" href=\"http:\/\/poferries.fr\">P&amp;O ferries<\/a><\/strong><\/em> (\u00a3276\/320\u20ac) puisque notre v\u00e9hicule, qui roule au CNG, n&rsquo;est pas admis dans <em><strong>le Shuttle<\/strong><\/em>&#8230;<\/p>\n<p>Les h\u00f4tels dans lesquels nous s\u00e9journons:<\/p>\n<p>&#8211; <em><strong>Calais\/Coquelles<\/strong><\/em>, <a href=\"https:\/\/www.ihg.com\/holidayinn\/hotels\/gb\/en\/calais\/calcq\/hoteldetail\" target=\"_blank\" rel=\"noopener\"><em>IHG Holiday Inn Calais\/Coquelles<\/em><\/a>, Chambre king, 140\u20ac\/nuit *<br \/>\n&#8211; <strong><em>Londres<\/em><\/strong>, <a href=\"https:\/\/www.hilton.com\/en\/hotels\/lonnddi-doubletree-london-docklands-riverside\/\" target=\"_blank\" rel=\"noopener\"><em>Doubletree by Hilton Docklands Riverside<\/em><\/a>, Chambre king, 39200 points <em>Hilton Honors<\/em> \/nuit *<br \/>\n&#8211; <em><strong>Westgate-on-Sea<\/strong><\/em>, <em><a href=\"https:\/\/www.booking.com\/hotel\/gb\/the-swan-apartment.html\" target=\"_blank\" rel=\"noopener\">The Swan Appartment<\/a><\/em>, \u00a3206 (240\u20ac) \/nuit<br \/>\n&#8211; <em><strong>Rotterdam<\/strong><\/em>, <a href=\"https:\/\/www.hilton.com\/en\/hotels\/rtmhitw-hilton-rotterdam\/\" target=\"_blank\" rel=\"noopener\"><em>Hilton Rotterdam<\/em><\/a>, Chambre king, 130\u20ac \/nuit *<br \/>\n&#8211; <em><strong>Den Haag<\/strong><\/em>, <a href=\"https:\/\/www.ihg.com\/voco\/hotels\/gb\/en\/den-haag\/hagdh\/hoteldetail\" target=\"_blank\" rel=\"noopener\"><em>IHG Voco The Hague<\/em><\/a>, Queen room, 25666 points <em>IHG One<\/em> \/nuit *<br \/>\n&#8211; <em><strong>Amsterdam<\/strong><\/em>, <a href=\"https:\/\/www.hilton.com\/en\/hotels\/amscsdi-doubletree-amsterdam-centraal-station\/\" target=\"_blank\" rel=\"noopener\"><em>Doubletree Amsterdam Centraal Station<\/em><\/a>, Queen room, 60000 points <em>Hilton Honors<\/em> \/nuit *<\/p>\n<p>* avec surclassement et petit-d\u00e9jeuner inclus.<\/p>\n<p>Autres:<\/p>\n","protected":false},"excerpt":{"rendered":"<p>Ici, comme d\u2019habitude, les d\u00e9tails pratico-pratiques concernant notre trajet de vacances. Pour les d\u00e9placements, on part en voiture, avec nos v\u00e9los \u00e9lectriques dans le coffre. La travers\u00e9e de la Manche se fait \u00e0 nouveau avec P&amp;O ferries (\u00a3276\/320\u20ac) puisque notre v\u00e9hicule, qui roule au CNG, n&rsquo;est pas admis dans le<\/p>\n","protected":false},"author":1,"featured_media":0,"parent":0,"menu_order":0,"comment_status":"closed","ping_status":"closed","template":"","meta":{"footnotes":""},"class_list":["post-8","page","type-page","status-publish","hentry"],"_links":{"self":[{"href":"https:\/\/buchau.be\/ete2023\/wp-json\/wp\/v2\/pages\/8","targetHints":{"allow":["GET"]}}],"collection":[{"href":"https:\/\/buchau.be\/ete2023\/wp-json\/wp\/v2\/pages"}],"about":[{"href":"https:\/\/buchau.be\/ete2023\/wp-json\/wp\/v2\/types\/page"}],"author":[{"embeddable":true,"href":"https:\/\/buchau.be\/ete2023\/wp-json\/wp\/v2\/users\/1"}],"replies":[{"embeddable":true,"href":"https:\/\/buchau.be\/ete2023\/wp-json\/wp\/v2\/comments?post=8"}],"version-history":[{"count":9,"href":"https:\/\/buchau.be\/ete2023\/wp-json\/wp\/v2\/pages\/8\/revisions"}],"predecessor-version":[{"id":41,"href":"https:\/\/buchau.be\/ete2023\/wp-json\/wp\/v2\/pages\/8\/revisions\/41"}],"wp:attachment":[{"href":"https:\/\/buchau.be\/ete2023\/wp-json\/wp\/v2\/media?parent=8"}],"curies":[{"name":"wp","href":"https:\/\/api.w.org\/{rel}","templated":true}]}}