{"id":532,"date":"2016-01-26T10:22:06","date_gmt":"2016-01-26T09:22:06","guid":{"rendered":"http:\/\/buchau.be\/traveltimeline\/?page_id=532"},"modified":"2026-02-04T14:39:54","modified_gmt":"2026-02-04T13:39:54","slug":"photo","status":"publish","type":"page","link":"https:\/\/buchau.be\/traveltimeline\/photo\/","title":{"rendered":"Photo"},"content":{"rendered":"<p>Ici, quelques infos sur les photos visibles sur les diff\u00e9rents blogs. A priori, quasiment toutes les photos pr\u00e9sentes sur les blogs sont r\u00e9alis\u00e9es par Marie et moi.<\/p>\n<p><a href=\"http:\/\/buchau.be\/traveltimeline\/wp-content\/uploads\/2015\/06\/DSC018521.jpg\" rel=\"attachment wp-att-443\"><img loading=\"lazy\" decoding=\"async\" class=\"aligncenter wp-image-443 size-medium\" src=\"http:\/\/buchau.be\/traveltimeline\/wp-content\/uploads\/2015\/06\/DSC018521-300x169.jpg\" alt=\"DSC01852[1]\" width=\"300\" height=\"169\" srcset=\"https:\/\/buchau.be\/traveltimeline\/wp-content\/uploads\/2015\/06\/DSC018521-300x169.jpg 300w, https:\/\/buchau.be\/traveltimeline\/wp-content\/uploads\/2015\/06\/DSC018521-1024x575.jpg 1024w\" sizes=\"auto, (max-width: 300px) 100vw, 300px\" \/><\/a><\/p>\n<p>J&rsquo;ai eu plusieurs appareils photos. Jusqu&rsquo;\u00e0 la fin 2012, j&rsquo;ai eu un <em>Nikon<\/em> F-301 (argentique) puis j&rsquo;ai utilis\u00e9 un <em>Nikon<\/em> F-501 (num\u00e9rique) avec un objectif 18\/210mm. Mon engouement pour les produits <em>Sony<\/em> m&rsquo;a ensuite fait pencher pour un NEX5-R en 2012. Il est fourni avec un objectif 16\/50mm et je lui ai adjoint son coll\u00e8gue de 55\/210mm. Plus compact, capteur plus grand, objectifs interchangeables, c&rsquo;\u00e9tait l&rsquo;appareil qu&rsquo;il me fallait! et que j&rsquo;adore toujours autant&#8230; Son petit plus: les applications qu&rsquo;il est possible de t\u00e9l\u00e9charger directement sur l&rsquo;appareil et qui permettent \u00ab\u00a0d&rsquo;am\u00e9liorer\u00a0\u00bb les photos (effets pop, miniature, etc.), de faire des <a href=\"http:\/\/buchau.be\/traveltimeline\/time-lapses\/\" target=\"_blank\" rel=\"noopener noreferrer\"><em>time-lapses<\/em><\/a> et de le t\u00e9l\u00e9commander \u00e0 distance. En 2019, suite \u00e0 des soucis avec le NEX5, j&rsquo;ai remplac\u00e9 ce dernier par un Sony alpha 5100: c&rsquo;est le m\u00eame en plus nouveau et avec un meilleur capteur&#8230;<\/p>\n<p><a href=\"http:\/\/buchau.be\/traveltimeline\/wp-content\/uploads\/2015\/08\/DSC03481.jpg\" rel=\"attachment wp-att-477\"><img loading=\"lazy\" decoding=\"async\" class=\"aligncenter size-medium wp-image-477\" src=\"http:\/\/buchau.be\/traveltimeline\/wp-content\/uploads\/2015\/08\/DSC03481-300x169.jpg\" alt=\"DSC03481\" width=\"300\" height=\"169\" srcset=\"https:\/\/buchau.be\/traveltimeline\/wp-content\/uploads\/2015\/08\/DSC03481-300x169.jpg 300w, https:\/\/buchau.be\/traveltimeline\/wp-content\/uploads\/2015\/08\/DSC03481-1024x575.jpg 1024w, https:\/\/buchau.be\/traveltimeline\/wp-content\/uploads\/2015\/08\/DSC03481.jpg 1200w\" sizes=\"auto, (max-width: 300px) 100vw, 300px\" \/><\/a><\/p>\n<p>Je n&rsquo;ai jamais pris de cours \u00e0 proprement parler mais j&rsquo;ai pu b\u00e9n\u00e9ficier des conseils avis\u00e9s de <em>David Michaud<\/em>, le cr\u00e9ateur des <a href=\"http:\/\/www.tokyosafari.com\" target=\"_blank\" rel=\"noopener noreferrer\"><em>Tokyo Safaris<\/em><\/a>, lors de nos 4 journ\u00e9es pass\u00e9es ensemble. Idem avec <em>Angelo Di Genova<\/em>, lors de nos <a href=\"http:\/\/www.osakasafari.com\/\" target=\"_blank\" rel=\"noopener noreferrer\"><em>Osaka Safari<\/em> <\/a>.<\/p>\n<p><a href=\"http:\/\/buchau.be\/traveltimeline\/wp-content\/uploads\/2015\/07\/DSC02110.jpg\" rel=\"attachment wp-att-462\"><img loading=\"lazy\" decoding=\"async\" class=\"aligncenter size-medium wp-image-462\" src=\"http:\/\/buchau.be\/traveltimeline\/wp-content\/uploads\/2015\/07\/DSC02110-300x68.jpg\" alt=\"DSC02110\" width=\"300\" height=\"68\" srcset=\"https:\/\/buchau.be\/traveltimeline\/wp-content\/uploads\/2015\/07\/DSC02110-300x68.jpg 300w, https:\/\/buchau.be\/traveltimeline\/wp-content\/uploads\/2015\/07\/DSC02110-1024x231.jpg 1024w, https:\/\/buchau.be\/traveltimeline\/wp-content\/uploads\/2015\/07\/DSC02110.jpg 1200w\" sizes=\"auto, (max-width: 300px) 100vw, 300px\" \/><\/a><\/p>\n<p>En plus de ces appareils, quelques photos ont \u00e9t\u00e9 r\u00e9alis\u00e9es avec nos smartphones (<em>Samsung Galaxy S III<\/em> &amp; <em>S IV<\/em>, <em>Note 2, J5, J6+, A50, A52, A54, A56<\/em>).<\/p>\n<p><a href=\"http:\/\/buchau.be\/traveltimeline\/wp-content\/uploads\/2014\/09\/1535426_10152672398701544_8173402963534068931_n.jpg\" rel=\"attachment wp-att-377\"><img loading=\"lazy\" decoding=\"async\" class=\"aligncenter size-medium wp-image-377\" src=\"http:\/\/buchau.be\/traveltimeline\/wp-content\/uploads\/2014\/09\/1535426_10152672398701544_8173402963534068931_n-300x169.jpg\" alt=\"1535426_10152672398701544_8173402963534068931_n\" width=\"300\" height=\"169\" srcset=\"https:\/\/buchau.be\/traveltimeline\/wp-content\/uploads\/2014\/09\/1535426_10152672398701544_8173402963534068931_n-300x169.jpg 300w, https:\/\/buchau.be\/traveltimeline\/wp-content\/uploads\/2014\/09\/1535426_10152672398701544_8173402963534068931_n.jpg 960w\" sizes=\"auto, (max-width: 300px) 100vw, 300px\" \/><\/a><\/p>\n<p>Depuis l&rsquo;apr\u00e8s-CoVid, j&rsquo;avoue ne plus m&rsquo;encombrer d&rsquo;un appareil photo; on fait toutes nos photos avec nos smartphones: <em>Samsung Galaxy A56<\/em>\u00a0pour Ben et <em>Samsung Galaxy A54<\/em> pour Marie. Les derni\u00e8res m\u00e0j permettent des r\u00e9solutions de 60Mpixels et <a href=\"https:\/\/snapseedofficial.com\/download\/\" target=\"_blank\" rel=\"noopener\"><em>SnapSeed<\/em><\/a>, une app de retouche photo, fournissent tout ce qu&rsquo;il faut pour faire des photos acceptables (voire superbes, parfois), seul me manque parfois le zoom optique&#8230;<\/p>\n<p><a href=\"https:\/\/buchau.be\/traveltimeline\/wp-content\/uploads\/2023\/01\/20230102_103101-scaled.jpg\"><img loading=\"lazy\" decoding=\"async\" class=\"aligncenter wp-image-1577 size-medium\" src=\"https:\/\/buchau.be\/traveltimeline\/wp-content\/uploads\/2023\/01\/20230102_103101-300x135.jpg\" alt=\"\" width=\"300\" height=\"135\" srcset=\"https:\/\/buchau.be\/traveltimeline\/wp-content\/uploads\/2023\/01\/20230102_103101-300x135.jpg 300w, https:\/\/buchau.be\/traveltimeline\/wp-content\/uploads\/2023\/01\/20230102_103101-1024x461.jpg 1024w, https:\/\/buchau.be\/traveltimeline\/wp-content\/uploads\/2023\/01\/20230102_103101-768x346.jpg 768w, https:\/\/buchau.be\/traveltimeline\/wp-content\/uploads\/2023\/01\/20230102_103101-1536x691.jpg 1536w, https:\/\/buchau.be\/traveltimeline\/wp-content\/uploads\/2023\/01\/20230102_103101-2048x922.jpg 2048w\" sizes=\"auto, (max-width: 300px) 100vw, 300px\" \/><\/a><\/p>\n","protected":false},"excerpt":{"rendered":"<p>Ici, quelques infos sur les photos visibles sur les diff\u00e9rents blogs. A priori, quasiment toutes les photos pr\u00e9sentes sur les blogs sont r\u00e9alis\u00e9es par Marie et moi. J&rsquo;ai eu plusieurs appareils photos. Jusqu&rsquo;\u00e0 la fin 2012, j&rsquo;ai eu un Nikon F-301 (argentique) puis j&rsquo;ai utilis\u00e9 un Nikon F-501 (num\u00e9rique) avec un objectif 18\/210mm. Mon engouement &hellip; <\/p>\n<p class=\"link-more\"><a href=\"https:\/\/buchau.be\/traveltimeline\/photo\/\" class=\"more-link\">Continuer la lecture<span class=\"screen-reader-text\"> de &laquo;&nbsp;Photo&nbsp;&raquo;<\/span><\/a><\/p>\n","protected":false},"author":1,"featured_media":0,"parent":0,"menu_order":0,"comment_status":"closed","ping_status":"closed","template":"","meta":{"footnotes":""},"class_list":["post-532","page","type-page","status-publish","hentry"],"_links":{"self":[{"href":"https:\/\/buchau.be\/traveltimeline\/wp-json\/wp\/v2\/pages\/532","targetHints":{"allow":["GET"]}}],"collection":[{"href":"https:\/\/buchau.be\/traveltimeline\/wp-json\/wp\/v2\/pages"}],"about":[{"href":"https:\/\/buchau.be\/traveltimeline\/wp-json\/wp\/v2\/types\/page"}],"author":[{"embeddable":true,"href":"https:\/\/buchau.be\/traveltimeline\/wp-json\/wp\/v2\/users\/1"}],"replies":[{"embeddable":true,"href":"https:\/\/buchau.be\/traveltimeline\/wp-json\/wp\/v2\/comments?post=532"}],"version-history":[{"count":10,"href":"https:\/\/buchau.be\/traveltimeline\/wp-json\/wp\/v2\/pages\/532\/revisions"}],"predecessor-version":[{"id":2575,"href":"https:\/\/buchau.be\/traveltimeline\/wp-json\/wp\/v2\/pages\/532\/revisions\/2575"}],"wp:attachment":[{"href":"https:\/\/buchau.be\/traveltimeline\/wp-json\/wp\/v2\/media?parent=532"}],"curies":[{"name":"wp","href":"https:\/\/api.w.org\/{rel}","templated":true}]}}

<p>Ici, quelques infos sur les photos visibles sur les différents blogs. A priori, quasiment toutes les photos présentes sur les blogs sont réalisées par Marie et moi.</p>
<p><a href="http://buchau.be/traveltimeline/wp-content/uploads/2015/06/DSC018521.jpg" rel="attachment wp-att-443"><img loading="lazy" decoding="async" class="aligncenter wp-image-443 size-medium" src="http://buchau.be/traveltimeline/wp-content/uploads/2015/06/DSC018521-300x169.jpg" alt="DSC01852[1]" width="300" height="169" srcset="https://buchau.be/traveltimeline/wp-content/uploads/2015/06/DSC018521-300x169.jpg 300w, https://buchau.be/traveltimeline/wp-content/uploads/2015/06/DSC018521-1024x575.jpg 1024w" sizes="auto, (max-width: 300px) 100vw, 300px" /></a></p>
<p>J&rsquo;ai eu plusieurs appareils photos. Jusqu&rsquo;à la fin 2012, j&rsquo;ai eu un <em>Nikon</em> F-301 (argentique) puis j&rsquo;ai utilisé un <em>Nikon</em> F-501 (numérique) avec un objectif 18/210mm. Mon engouement pour les produits <em>Sony</em> m&rsquo;a ensuite fait pencher pour un NEX5-R en 2012. Il est fourni avec un objectif 16/50mm et je lui ai adjoint son collègue de 55/210mm. Plus compact, capteur plus grand, objectifs interchangeables, c&rsquo;était l&rsquo;appareil qu&rsquo;il me fallait! et que j&rsquo;adore toujours autant&#8230; Son petit plus: les applications qu&rsquo;il est possible de télécharger directement sur l&rsquo;appareil et qui permettent « d&rsquo;améliorer » les photos (effets pop, miniature, etc.), de faire des <a href="http://buchau.be/traveltimeline/time-lapses/" target="_blank" rel="noopener noreferrer"><em>time-lapses</em></a> et de le télécommander à distance. En 2019, suite à des soucis avec le NEX5, j&rsquo;ai remplacé ce dernier par un Sony alpha 5100: c&rsquo;est le même en plus nouveau et avec un meilleur capteur&#8230;</p>
<p><a href="http://buchau.be/traveltimeline/wp-content/uploads/2015/08/DSC03481.jpg" rel="attachment wp-att-477"><img loading="lazy" decoding="async" class="aligncenter size-medium wp-image-477" src="http://buchau.be/traveltimeline/wp-content/uploads/2015/08/DSC03481-300x169.jpg" alt="DSC03481" width="300" height="169" srcset="https://buchau.be/traveltimeline/wp-content/uploads/2015/08/DSC03481-300x169.jpg 300w, https://buchau.be/traveltimeline/wp-content/uploads/2015/08/DSC03481-1024x575.jpg 1024w, https://buchau.be/traveltimeline/wp-content/uploads/2015/08/DSC03481.jpg 1200w" sizes="auto, (max-width: 300px) 100vw, 300px" /></a></p>
<p>Je n&rsquo;ai jamais pris de cours à proprement parler mais j&rsquo;ai pu bénéficier des conseils avisés de <em>David Michaud</em>, le créateur des <a href="http://www.tokyosafari.com" target="_blank" rel="noopener noreferrer"><em>Tokyo Safaris</em></a>, lors de nos 4 journées passées ensemble. Idem avec <em>Angelo Di Genova</em>, lors de nos <a href="http://www.osakasafari.com/" target="_blank" rel="noopener noreferrer"><em>Osaka Safari</em> </a>.</p>
<p><a href="http://buchau.be/traveltimeline/wp-content/uploads/2015/07/DSC02110.jpg" rel="attachment wp-att-462"><img loading="lazy" decoding="async" class="aligncenter size-medium wp-image-462" src="http://buchau.be/traveltimeline/wp-content/uploads/2015/07/DSC02110-300x68.jpg" alt="DSC02110" width="300" height="68" srcset="https://buchau.be/traveltimeline/wp-content/uploads/2015/07/DSC02110-300x68.jpg 300w, https://buchau.be/traveltimeline/wp-content/uploads/2015/07/DSC02110-1024x231.jpg 1024w, https://buchau.be/traveltimeline/wp-content/uploads/2015/07/DSC02110.jpg 1200w" sizes="auto, (max-width: 300px) 100vw, 300px" /></a></p>
<p>En plus de ces appareils, quelques photos ont été réalisées avec nos smartphones (<em>Samsung Galaxy S III</em> &amp; <em>S IV</em>, <em>Note 2, J5, J6+, A50, A52, A54, A56</em>).</p>
<p><a href="http://buchau.be/traveltimeline/wp-content/uploads/2014/09/1535426_10152672398701544_8173402963534068931_n.jpg" rel="attachment wp-att-377"><img loading="lazy" decoding="async" class="aligncenter size-medium wp-image-377" src="http://buchau.be/traveltimeline/wp-content/uploads/2014/09/1535426_10152672398701544_8173402963534068931_n-300x169.jpg" alt="1535426_10152672398701544_8173402963534068931_n" width="300" height="169" srcset="https://buchau.be/traveltimeline/wp-content/uploads/2014/09/1535426_10152672398701544_8173402963534068931_n-300x169.jpg 300w, https://buchau.be/traveltimeline/wp-content/uploads/2014/09/1535426_10152672398701544_8173402963534068931_n.jpg 960w" sizes="auto, (max-width: 300px) 100vw, 300px" /></a></p>
<p>Depuis l&rsquo;après-CoVid, j&rsquo;avoue ne plus m&rsquo;encombrer d&rsquo;un appareil photo; on fait toutes nos photos avec nos smartphones: <em>Samsung Galaxy A56</em> pour Ben et <em>Samsung Galaxy A54</em> pour Marie. Les dernières màj permettent des résolutions de 60Mpixels et <a href="https://snapseedofficial.com/download/" target="_blank" rel="noopener"><em>SnapSeed</em></a>, une app de retouche photo, fournissent tout ce qu&rsquo;il faut pour faire des photos acceptables (voire superbes, parfois), seul me manque parfois le zoom optique&#8230;</p>
<p><a href="https://buchau.be/traveltimeline/wp-content/uploads/2023/01/20230102_103101-scaled.jpg"><img loading="lazy" decoding="async" class="aligncenter wp-image-1577 size-medium" src="https://buchau.be/traveltimeline/wp-content/uploads/2023/01/20230102_103101-300x135.jpg" alt="" width="300" height="135" srcset="https://buchau.be/traveltimeline/wp-content/uploads/2023/01/20230102_103101-300x135.jpg 300w, https://buchau.be/traveltimeline/wp-content/uploads/2023/01/20230102_103101-1024x461.jpg 1024w, https://buchau.be/traveltimeline/wp-content/uploads/2023/01/20230102_103101-768x346.jpg 768w, https://buchau.be/traveltimeline/wp-content/uploads/2023/01/20230102_103101-1536x691.jpg 1536w, https://buchau.be/traveltimeline/wp-content/uploads/2023/01/20230102_103101-2048x922.jpg 2048w" sizes="auto, (max-width: 300px) 100vw, 300px" /></a></p>

<p>Ici, quelques infos sur les photos visibles sur les différents blogs. A priori, quasiment toutes les photos présentes sur les blogs sont réalisées par Marie et moi. J&rsquo;ai eu plusieurs appareils photos. Jusqu&rsquo;à la fin 2012, j&rsquo;ai eu un Nikon F-301 (argentique) puis j&rsquo;ai utilisé un Nikon F-501 (numérique) avec un objectif 18/210mm. Mon engouement &hellip; </p>
<p class="link-more"><a href="https://buchau.be/traveltimeline/photo/" class="more-link">Continuer la lecture<span class="screen-reader-text"> de &laquo;&nbsp;Photo&nbsp;&raquo;</span></a></p>
